of b.
2, 17
Let j(o) = -25*o + 4. What are the prime factors of j(-4)?
2, 13
Suppose 2*w + w = 18. Let a = 21 - w. What are the prime factors of a?
3, 5
Let b(j) = -11*j**3 + j**2 - 2*j - 5. What are the prime factors of b(-3)?
307
Let v = -2 + 4. Let a(q) = -3*q**3 + 2*q + 0 - v + 1 + 14*q**3. List the prime factors of a(1).
2, 3
Suppose -b + 3 = -0*b. Suppose -b*q = -h - 5, 5 = h - 0*q + 2*q. What are the prime factors of (2 - h) + 4 + -2?
3
Let b = -5 + 7. What are the prime factors of b + -3 - (-3 + 0)?
2
Let n(m) = 2*m + 4. Let k(w) = 8*w + 15. Let o(p) = 2*k(p) - 9*n(p). What are the prime factors of o(-4)?
2
Suppose -4*p + 9 = 69. Let t = p - -18. List the prime factors of t.
3
Let p = -450 + 806. List the prime factors of p.
2, 89
Let d = -17 - -19. What are the prime factors of d?
2
Suppose a = -8*i + 3*i - 19, -a = i - 1. Suppose 2*x + 20 = a*x. List the prime factors of x.
5
Let r(z) = -5*z**3 - z. Let g be r(1). Let a(b) = -4 - 4 - 7*b + 5*b. List the prime factors of a(g).
2
List the prime factors of (-8)/12 + 113/3.
37
Let t(b) = 2*b**2 + 5*b - 1. What are the prime factors of t(-8)?
3, 29
Suppose 3*v - 129 = 3*z, -3*v + 8*z + 139 = 3*z. List the prime factors of v.
2, 19
Let b(a) = a**3 + 9*a**2 - 11*a + 6. Let j(n) = n**3 - 10*n**2 + 7*n + 8. Let l be j(9). What are the prime factors of b(l)?
2
Let j = -18 + 21. Suppose -8*r + 155 = -j*r. What are the prime factors of r?
31
Let p = -17 + 45. List the prime factors of p.
2, 7
Let l be 3*1 - (-18 + 3). Let q = 31 - l. What are the prime factors of q?
13
Let h = -11 - -4. Let z = h + 12. Let k = 10 - z. List the prime factors of k.
5
Let p(j) = -5*j + 23*j + 4*j - 5 + 4*j. List the prime factors of p(2).
47
Let k = 5 + -3. Suppose -4*b + 40 = 4*w, 4*b - b - k*w = 35. What are the prime factors of b?
11
Let y be 3 + (2/1 - 0). Suppose -3*p + 7 = -2*t + 2, -25 = -y*p. Let s(f) = -f + 11. What are the prime factors of s(t)?
2, 3
Let h(d) = -d - 4. Let u(z) = -z**2 - 10*z + 4. Let i be u(-11). Let f be h(i). Suppose -2 = f*m - 20. List the prime factors of m.
2, 3
Let o(i) = -i**2 + 4*i - 2. Let p be o(2). Suppose p*h = -5*s + 24, 0 = -h - s - 2 + 8. List the prime factors of h.
2
Suppose -4*y = 12, 0*y = -4*a - 4*y - 12. Let t = -1 - a. List the prime factors of 62/6 + t/3.
2, 5
Let c be 87 - (1 + -3 - -1). Let m = c + -42. Suppose -2*q - 4 = 0, -q - m = -5*f + f. List the prime factors of f.
11
Let g be (-788)/22 + (-16)/88. Let j = g + 63. List the prime factors of j.
3
Suppose -4*d + 21 = 9. Suppose d*s + 5*i = 21, 0 = -2*i - 0 + 6. List the prime factors of (17 + 1)*1/s.
3
Let r = 37 + -22. List the prime factors of r.
3, 5
Let h = -55 - -116. List the prime factors of h.
61
Let i(l) = 9*l**2 + 1. Let z be i(1). Let x = 9 - 2. Let r = z - x. What are the prime factors of r?
3
Let r(o) = 4*o**2 + 9*o + 12. What are the prime factors of r(-5)?
67
Let k = -8 - -8. Suppose -2*w + k*w + 32 = 0. What are the prime factors of w?
2
Suppose 2*j + 4*i = -15 + 41, 3*i = 12. Suppose -2 + 62 = j*z. What are the prime factors of z?
2, 3
Suppose 4*j + 717 = 4*q + 233, 0 = 4*q + 3*j - 463. What are the prime factors of q?
2, 59
Let z(a) = 2*a**2 - 7*a + 5. Let t be z(5). Let w = t - 7. What are the prime factors of w?
13
What are the prime factors of (-448)/(-42)*(-51)/(-4)?
2, 17
Let o = -157 + 42. Let z = -61 - o. List the prime factors of z.
2, 3
Suppose s - 47 = -c, 0*s + 5*c = -2*s + 82. List the prime factors of s.
3, 17
Let s be (2/6)/((-1)/(-57)). Suppose -6*h + 2*h = 0. Suppose h = a - 2*q + 5*q + 4, -4*a + s = 5*q. What are the prime factors of a?
11
Let a(y) = -218*y - 5. List the prime factors of a(-1).
3, 71
Suppose 3*o - 4*q = q + 51, 3*o + 2*q = 51. Let u = o - -8. What are the prime factors of u?
5
Suppose -3*f + 4*l = 3*l - 166, 4*f - 214 = 5*l. What are the prime factors of f?
2, 7
Suppose 0 = -2*u + 6 + 90. Let m = u - 9. List the prime factors of m.
3, 13
Suppose -10 = -4*p + 2. Let y be (5/(-5))/((-1)/11). List the prime factors of y - (p + -2)*1.
2, 5
Let n(b) = 2*b. Let f be n(1). Suppose -4*w + 6*w - 15 = 3*t, f*t + 10 = -w. Suppose y + w = 7. List the prime factors of y.
7
Let n(y) = 9*y**2 + y. List the prime factors of n(-1).
2
Let o be (-19)/(-3) + 12/18. Suppose -3 = -5*c + o. Suppose 0*a = -c*a + 20. List the prime factors of a.
2, 5
Let d = -132 + 280. Suppose 2*g - 3*c = -2*g + 183, 228 = 5*g - 4*c. Suppose -d + g = -5*s. What are the prime factors of s?
2, 5
Suppose 3*t - 33 = 5*l - 108, 3*t + 15 = l. Let i = l + -8. List the prime factors of i.
7
Suppose h = 3*h + 28. Let s = h + 38. List the prime factors of (6/8)/(3/s).
2, 3
Let f(j) = j**3 - 5*j**2 + 3*j + 4. Suppose t - 5*m = 2, -3*t = 4*m - 3*m - 6. Suppose 14 = 4*x - t*u, -x + 0*u = 3*u - 14. List the prime factors of f(x).
19
Let p(h) = -h**2 + 4*h + 4. Let k be p(4). Suppose d - 2*d = -k. What are the prime factors of d?
2
Suppose -2*t + 8 = t - a, -2*a = -5*t + 13. Let d(n) = 2*n**3 - 4*n**2 + 3. List the prime factors of d(t).
3, 7
Let m = 3 - 3. Suppose j = -m*j + 7. List the prime factors of j.
7
Suppose -3*p - 166 = -4*n, n = -n + 2*p + 84. What are the prime factors of n?
2, 5
Suppose -6*n = -n - 465. What are the prime factors of n?
3, 31
Suppose -113*d + 257 = -112*d. What are the prime factors of d?
257
Suppose -300 + 1680 = 6*u. List the prime factors of u.
2, 5, 23
Suppose -2*b + 11 = -9. Suppose -3*p + 0*v - 3*v = 3, 0 = 4*p + v - 5. What are the prime factors of (-40)/p*(-4)/b?
2
Let w(i) = i**3 + i**2 + 4*i. Let x be w(3). Let p = x + -12. List the prime factors of p.
2, 3
Let i = 2 - 6. Let v(s) = s**2 - s + 1. Let r be v(i). List the prime factors of 36/r - (-2)/7.
2
Let m(s) be the second derivative of -s**5/20 + s**4/3 + s**3 - s**2 + s. Suppose 0 = 4*y - 4*w, -4*w + 7*w = -4*y + 35. What are the prime factors of m(y)?
3
Suppose -18 = -4*d - 5*u - 67, 0 = -4*d + 5*u + 1. Let v = d - -17. Suppose -c = -3*m + 13, v = m - 4*c - 8. What are the prime factors of m?
3
Let c(p) = p**2 - 6*p + 4. Let v be c(6). Suppose k = 6*k - a + 31, k + v*a + 2 = 0. Let g = 16 + k. What are the prime factors of g?
2, 5
Let m be 16/3 - (-4)/6. Suppose 0 = -5*c - r - 14, -3*c - 5*r + 11 = -5*c. Let d = m + c. What are the prime factors of d?
3
List the prime factors of 103*(2/3 - (-4)/3).
2, 103
Let g = -18 - -27. Let m(k) = -k**3 + 8*k**2 + 11*k - 9. List the prime factors of m(g).
3
Let f be (3 - 1) + (-9)/(-3). Suppose f*i = 20 + 5. Suppose 4*x = i*t - 41, 4*t - 39 = -5*x + 2*x. What are the prime factors of t?
3
Suppose -c = 2*c - 6. Suppose -c*m = -3*m + 2. List the prime factors of m.
2
Suppose 5*s - 60 = l, 3*s + 4*l = -s + 24. Let w(o) = o**3 - 10*o**2 - 10*o - 8. List the prime factors of w(s).
3
Let j = 12 - 5. List the prime factors of j.
7
Let j be (-96)/6*(-7)/2. Suppose -n - j = -3*f, -f - n + 28 = -6*n. List the prime factors of f.
2, 3
Suppose -2*r + 4*r = 0. Suppose -o + 11 + 0 = r. What are the prime factors of o?
11
Let h = 150 + -78. List the prime factors of h.
2, 3
Suppose -3*a - t + 1 = -46, 77 = 5*a + t. Suppose -138 + 58 = -2*l. List the prime factors of (l/a)/(2/6).
2
Let x = 48 + -28. Let i be (12/(-5))/(6/x). List the prime factors of 6/i + 47/4.
11
Let m(s) = s**2 + 4*s - 1. Let y be m(-4). Let k(j) = 17*j**2 - 3*j - 1. List the prime factors of k(y).
19
Let g = 0 + 3. Let k be (-24)/4*(-4)/g. Let m = k + -5. What are the prime factors of m?
3
Let x = 0 + 0. Suppose x = -f - 0*f + 20. Suppose -3*l + f = -2*k, -l - 2*k = -0*k - 4. List the prime factors of l.
2, 3
Let u(i) = -i**3 + 12*i**2 + 2*i + 4. List the prime factors of u(12).
2, 7
Suppose -362 = -6*h + 178. List the prime factors of h.
2, 3, 5
Let g(z) = -13*z**3 + z**2 + 5*z + 3. What are the prime factors of g(-2)?
101
Suppose -524 = -2*s - 2*s. List the prime factors of s.
131
Suppose 46 = 3*h + 2*m - 228, -m + 91 = h. Let z = h + -44. List the prime factors of z.
2, 3
Let d(o) = o**3 - 8*o**2 + 4. Let w be d(8). Suppose 0 = 2*m - 4*m + w. List the prime factors of m.
2
Suppose -5 = -2*s + 3, 772 = 3*y - 5*s. List the prime factors of y.
2, 3, 11
Let c(b) = 19*b**2. List the prime factors of c(1).
19
Suppose -c + 3*x = -150, -5*c + 585 = -3*x - 165. List the prime factors of c.
2, 3, 5
List the prime factors of (-14